{"id":196,"date":"2020-02-22T22:04:07","date_gmt":"2020-02-22T21:04:07","guid":{"rendered":"http:\/\/test.oscour.fr\/?page_id=196"},"modified":"2022-11-20T19:13:56","modified_gmt":"2022-11-20T18:13:56","slug":"le-ssiad-a-domicile","status":"publish","type":"page","link":"https:\/\/www.hopital-stpons.com\/index.php\/le-ssiad-a-domicile\/","title":{"rendered":"Le SSIAD, des soins \u00e0 domicile"},"content":{"rendered":"\n<p><strong>Le Service de Soins Infirmiers \u00e0 Domicile (SSIAD)<\/strong> du Centre Hospitalier de Saint Pons de Thomi\u00e8res offre des prestations en soins infirmiers contribuant au maintien \u00e0 domicile des personnes \u00e2g\u00e9es, des adultes en situation de handicap ainsi que des adultes atteints de maladies chroniques en leur pr\u00e9servant la qualit\u00e9 de vie la meilleure possible, notamment du fait de la coordination qu\u2019ils assurent aupr\u00e8s de la personne<\/p>\n\n\n\n<p>Dans le cadre de la politique du libre choix du lieu de vie des personnes en perte d\u2019autonomie ou en situation de handicap les SSIAD constituent un maillon indispensable de la cha\u00eene des interventions.<\/p>\n\n\n<p>Leur mission consiste donc \u00e0 permettre aux usagers qui le souhaitent :<\/p>\n<ul>\n<li>de r\u00e9sider <strong>le plus longtemps possible<\/strong> \u00e0 leur domicile,<\/li>\n<li>de maintenir ou d&rsquo;am\u00e9liorer<strong> leur autonomie,<\/strong><\/li>\n<li>d&rsquo;\u00e9viter une hospitalisation ou de faciliter <strong style=\"font-size: inherit;\">le retour \u00e0 domicile<\/strong><span style=\"font-size: inherit;\"> suite \u00e0 une hospitalisation.<\/span><\/li>\n<\/ul>\n\n\n<p>Le SSIAD met aussi en oeuvre des actions de <strong>pr\u00e9vention<\/strong> et assure une information du patient et de son entourage sur la prise en soins (utilisation de mat\u00e9riel sp\u00e9cifique par exemple).<\/p>\n\n\n\n<p>Les soins sont prodigu\u00e9s par <strong>des aides-soignants dipl\u00f4m\u00e9s en collaboration avec les infirmiers lib\u00e9raux<\/strong> choisis par le b\u00e9n\u00e9ficiaire de la prestation.<\/p>\n\n\n\n<p>Le SSIAD du Centre hospitalier a une capacit\u00e9 de <strong>25 places<\/strong> . <\/p>\n\n\n\n<p>Il intervient dans les communes suivantes: <strong>St-Pons-de-Thomi\u00e8res, Boisset, Courniou, Pardailhan, Rieussec, Riols, St-Jean-de-Minervois, Velieux, les Verreries-de-Moussans<\/strong>.<\/p>\n","protected":false},"excerpt":{"rendered":"<p>Le Service de Soins Infirmiers \u00e0 Domicile (SSIAD) du Centre Hospitalier de Saint Pons de Thomi\u00e8res offre des prestations en &hellip; <\/p>\n","protected":false},"author":1,"featured_media":0,"parent":0,"menu_order":0,"comment_status":"closed","ping_status":"closed","template":"","meta":{"footnotes":""},"class_list":["post-196","page","type-page","status-publish","hentry"],"featured_image_src":null,"featured_image_src_square":null,"_links":{"self":[{"href":"https:\/\/www.hopital-stpons.com\/index.php\/wp-json\/wp\/v2\/pages\/196","targetHints":{"allow":["GET"]}}],"collection":[{"href":"https:\/\/www.hopital-stpons.com\/index.php\/wp-json\/wp\/v2\/pages"}],"about":[{"href":"https:\/\/www.hopital-stpons.com\/index.php\/wp-json\/wp\/v2\/types\/page"}],"author":[{"embeddable":true,"href":"https:\/\/www.hopital-stpons.com\/index.php\/wp-json\/wp\/v2\/users\/1"}],"replies":[{"embeddable":true,"href":"https:\/\/www.hopital-stpons.com\/index.php\/wp-json\/wp\/v2\/comments?post=196"}],"version-history":[{"count":6,"href":"https:\/\/www.hopital-stpons.com\/index.php\/wp-json\/wp\/v2\/pages\/196\/revisions"}],"predecessor-version":[{"id":1209,"href":"https:\/\/www.hopital-stpons.com\/index.php\/wp-json\/wp\/v2\/pages\/196\/revisions\/1209"}],"wp:attachment":[{"href":"https:\/\/www.hopital-stpons.com\/index.php\/wp-json\/wp\/v2\/media?parent=196"}],"curies":[{"name":"wp","href":"https:\/\/api.w.org\/{rel}","templated":true}]}}