{"id":476,"date":"2020-07-21T10:03:56","date_gmt":"2020-07-21T08:03:56","guid":{"rendered":"http:\/\/test.oscour.fr\/?page_id=476"},"modified":"2025-11-23T00:28:44","modified_gmt":"2025-11-22T23:28:44","slug":"entrer-en-hebergement","status":"publish","type":"page","link":"https:\/\/www.hopital-stpons.com\/index.php\/entrer-en-hebergement\/","title":{"rendered":"Entrer en EHPAD ou en UHR"},"content":{"rendered":"\n<p><strong>Faire une demande d&rsquo;admission<\/strong><\/p>\n\n\n\n<p>Tous les \u00e9tablissements utilisent d\u00e9sormais un&nbsp;<strong>dossier national unique d\u2019admission en EHPAD<\/strong>.<\/p>\n\n\n\n<p>Le dossier comprend deux volets: un volet administratif et un volet m\u00e9dical. Le volet administratif est \u00e0 compl\u00e9ter par la personne \u00e2g\u00e9e ou par une personne de son entourage. Le volet m\u00e9dical doit \u00eatre rempli par son m\u00e9decin traitant et transmis sous pli confidentiel.<\/p>\n\n\n\n<p>Le dossier et les pi\u00e8ces justificatives sont transmis par courrier, par fax, par mail ou d\u00e9pos\u00e9s sur la plateforme ViaTrajectoire lorsque la personne est hospitalis\u00e9e.<\/p>\n\n\n\n<p>D\u00e8s r\u00e9ception du dossier, l\u2019\u00e9tablissement prend en compte la demande d\u2019inscription et l&rsquo;\u00e9tudie en commission d&rsquo;admission. S\u2019il existe une liste d\u2019attente, la demande y est inscrite.<\/p>\n\n\n\n<p><strong>Pr\u00e9paration de l&rsquo;entr\u00e9e<\/strong><\/p>\n\n\n\n<p>Une visite de l&rsquo;\u00e9tablissement peut \u00eatre organis\u00e9e en amont,<\/p>\n\n\n\n<p>Le r\u00e9sident, la famille et le cadre de sant\u00e9 conviennent des dates et heures d&rsquo;entr\u00e9e sous r\u00e9serve de l&rsquo;accord du m\u00e9decin traitant. <\/p>\n\n\n\n<p>Le r\u00e9sident finalise les formalit\u00e9s et administratives et peut d\u00e9signer l<strong><a href=\"https:\/\/www.hopital-stpons.com\/index.php\/personne-de-confiance\/\">a personne de confiance<\/a><\/strong> qui l&rsquo;assistera durant son s\u00e9jour.<\/p>\n\n\n\n<p>Le personnel de l&rsquo;\u00e9tablissement portera une attention particuli\u00e8re aux premiers jours du r\u00e9sident dans son nouvel environnement d\u2019accueil.<\/p>\n\n\n\n<p><\/p>\n\n\n\n<div style=\"color:#32373c;background-color:#00d1b2\" class=\"wp-block-genesis-blocks-gb-notice gb-font-size-18 gb-block-notice\" data-id=\"dd5ccc\"><div class=\"gb-notice-title\" style=\"color:#fff\"><p><strong>Documents utiles \u00e0 t\u00e9l\u00e9charger<\/strong><\/p><\/div><div class=\"gb-notice-text\" style=\"border-color:#00d1b2\"><p><a href=\"https:\/\/www.hopital-stpons.com\/wp-content\/uploads\/2021\/12\/Livret-accueil-EHPADoct2020.pdf\" data-type=\"URL\">Livret d\u2019accueil en EHPAD<\/a><\/p><p><a href=\"https:\/\/www.hopital-stpons.com\/wp-content\/uploads\/2020\/07\/FICHE-INFORMATION-GENERALE.pdf\">Plaquette d\u2019information de l&rsquo;EHPAD<\/a><\/p><p><a href=\"https:\/\/www.hopital-stpons.com\/wp-content\/uploads\/2020\/07\/cerfa_14732-03.pdf\">Dossier de demande d&rsquo;admission en EHPAD<\/a><\/p><p><a href=\"https:\/\/www.hopital-stpons.com\/wp-content\/uploads\/2020\/07\/CONTRAT-DE-SEJOUR_vvalidee.pdf\">Contrat de s\u00e9jour<\/a><\/p><p><a href=\"https:\/\/www.hopital-stpons.com\/wp-content\/uploads\/2020\/07\/CONTRAT-DE-SEJOUR_vvalidee.docx\">R\u00e8glement de fonctionnement<\/a><\/p><p><a href=\"https:\/\/www.hopital-stpons.com\/wp-content\/uploads\/2021\/12\/Flyer-VTPA_usagers.pdf\">ViaTrajectoire : L&rsquo;outil qui facilite les d\u00e9marches<\/a><\/p><\/div><\/div>\n\n\n\n<h3 class=\"wp-block-heading\">Entrer en UHR<\/h3>\n\n\n\n<p><strong>L&rsquo;unit\u00e9 d&rsquo;h\u00e9bergement renforc\u00e9e (UHR<\/strong>) est un service de l&rsquo;EHPAD d\u00e9di\u00e9 aux personnes \u00e2g\u00e9es souffrant de troubles du comportement s\u00e9v\u00e8res. <\/p>\n\n\n\n<p>Les formalit\u00e9s d&rsquo;entr\u00e9e et le tarif journalier sont identiques \u00e0 ceux de l&rsquo;EHPAD. C&rsquo;est l&rsquo;\u00e9tude du dossier qui d\u00e9termine si la personne r\u00e9pond aux crit\u00e8res d&rsquo;admission et donc \u00e0 l&rsquo;orientation en UHR.<\/p>\n\n\n\n<div style=\"color:#32373c;background-color:#00d1b2\" class=\"wp-block-genesis-blocks-gb-notice gb-font-size-18 gb-block-notice\" data-id=\"dd5ccc\"><div class=\"gb-notice-title\" style=\"color:#fff\"><p><strong>Documents utiles \u00e0 t\u00e9l\u00e9charger<\/strong><\/p><\/div><div class=\"gb-notice-text\" style=\"border-color:#00d1b2\"><p><a href=\"https:\/\/www.hopital-stpons.com\/wp-content\/uploads\/2020\/07\/FICHE-INFORMATION-GENERALE.pdf\">Plaquette d\u2019information de l&rsquo;UHR<\/a><\/p><\/div><\/div>\n\n\n\n<p><\/p>\n","protected":false},"excerpt":{"rendered":"<p>Faire une demande d&rsquo;admission Tous les \u00e9tablissements utilisent d\u00e9sormais un&nbsp;dossier national unique d\u2019admission en EHPAD. Le dossier comprend deux volets: &hellip; <\/p>\n","protected":false},"author":1,"featured_media":2058,"parent":0,"menu_order":0,"comment_status":"closed","ping_status":"closed","template":"","meta":{"footnotes":""},"class_list":["post-476","page","type-page","status-publish","has-post-thumbnail","hentry"],"featured_image_src":"https:\/\/www.hopital-stpons.com\/wp-content\/uploads\/2025\/11\/hopitalsignaletique-7-600x400.jpg","featured_image_src_square":"https:\/\/www.hopital-stpons.com\/wp-content\/uploads\/2025\/11\/hopitalsignaletique-7-600x468.jpg","_links":{"self":[{"href":"https:\/\/www.hopital-stpons.com\/index.php\/wp-json\/wp\/v2\/pages\/476","targetHints":{"allow":["GET"]}}],"collection":[{"href":"https:\/\/www.hopital-stpons.com\/index.php\/wp-json\/wp\/v2\/pages"}],"about":[{"href":"https:\/\/www.hopital-stpons.com\/index.php\/wp-json\/wp\/v2\/types\/page"}],"author":[{"embeddable":true,"href":"https:\/\/www.hopital-stpons.com\/index.php\/wp-json\/wp\/v2\/users\/1"}],"replies":[{"embeddable":true,"href":"https:\/\/www.hopital-stpons.com\/index.php\/wp-json\/wp\/v2\/comments?post=476"}],"version-history":[{"count":11,"href":"https:\/\/www.hopital-stpons.com\/index.php\/wp-json\/wp\/v2\/pages\/476\/revisions"}],"predecessor-version":[{"id":2057,"href":"https:\/\/www.hopital-stpons.com\/index.php\/wp-json\/wp\/v2\/pages\/476\/revisions\/2057"}],"wp:featuredmedia":[{"embeddable":true,"href":"https:\/\/www.hopital-stpons.com\/index.php\/wp-json\/wp\/v2\/media\/2058"}],"wp:attachment":[{"href":"https:\/\/www.hopital-stpons.com\/index.php\/wp-json\/wp\/v2\/media?parent=476"}],"curies":[{"name":"wp","href":"https:\/\/api.w.org\/{rel}","templated":true}]}}