{"id":978,"date":"2021-02-02T16:22:52","date_gmt":"2021-02-02T15:22:52","guid":{"rendered":"http:\/\/www.hopital-stpons.com\/?page_id=978"},"modified":"2022-03-11T10:42:19","modified_gmt":"2022-03-11T09:42:19","slug":"covid-19","status":"publish","type":"page","link":"https:\/\/www.hopital-stpons.com\/index.php\/covid-19\/","title":{"rendered":"Projet interg\u00e9n\u00e9rationnel"},"content":{"rendered":"\n<figure class=\"wp-block-image size-full\"><img loading=\"lazy\" decoding=\"async\" width=\"534\" height=\"170\" src=\"https:\/\/www.hopital-stpons.com\/wp-content\/uploads\/2022\/03\/ministere.jpg\" alt=\"\" class=\"wp-image-1117\" srcset=\"https:\/\/www.hopital-stpons.com\/wp-content\/uploads\/2022\/03\/ministere.jpg 534w, https:\/\/www.hopital-stpons.com\/wp-content\/uploads\/2022\/03\/ministere-300x96.jpg 300w\" sizes=\"auto, (max-width: 534px) 100vw, 534px\" \/><\/figure>\n\n\n\n<p class=\"has-vivid-red-color has-text-color\"><strong>Projet Laur\u00e9at du concours national du Minist\u00e8re des Solidarit\u00e9s et de la Sant\u00e9 \u00ab&nbsp;Droits des usagers de la sant\u00e9 \u00bb<\/strong><\/p>\n\n\n\n<blockquote class=\"wp-block-quote is-layout-flow wp-block-quote-is-layout-flow\"><p>Le jury national souligne \u00ab&nbsp;<em>le caract\u00e8re exemplaire, innovant et transposable \u00e0 d\u2019autres r\u00e9gions&nbsp;\u00bb.<\/em><\/p><\/blockquote>\n\n\n\n<p><\/p>\n\n\n\n<p class=\"has-vivid-red-color has-text-color\">Label \u00ab&nbsp;Droits des usagers de la sant\u00e9&nbsp;\u00bb de l\u2019ARS Occitanie<\/p>\n\n\n\n<blockquote class=\"wp-block-quote is-layout-flow wp-block-quote-is-layout-flow\"><p><em>La Commission sp\u00e9cialis\u00e9e des Droits des Usagers de la Conf\u00e9rence R\u00e9gionale de la Sant\u00e9 (CRSA) a appr\u00e9ci\u00e9 les partenariats avec des \u00e9tablissements scolaires et universitaires permettant d\u2019ouvrir l\u2019EHPAD sur le monde ext\u00e9rieur dans le contexte de la crise sanitaire COVID.\u00a0\u00a0 Elle souligne son caract\u00e8re original pour maintenir le lien social des r\u00e9sidents ainsi que leurs capacit\u00e9s d\u2019apprentissage.<\/em><\/p><\/blockquote>\n\n\n\n<p>La conduite de la d\u00e9marche a \u00e9galement \u00e9t\u00e9 tr\u00e8s appr\u00e9ci\u00e9e, car les r\u00e9sidents ainsi que les membres du Conseil de Vie Social (CVS) et de la Commission des Usagers (CDU) sont les initiateurs du projet et les cod\u00e9cideurs des actions interg\u00e9n\u00e9rationnelles.<\/p>\n\n\n\n<p><\/p>\n\n\n\n<p class=\"has-vivid-green-cyan-color has-text-color\"><strong>Pr\u00e9sentation du projet territorial de \u00ab\u00a0Soutien interg\u00e9n\u00e9rationnel envers les r\u00e9sidents\u00a0\u00bb<\/strong> :<\/p>\n\n\n\n<p>En octobre 2020, certains usagers et la Pr\u00e9sidente du conseil de vie sociale (CVS) ont fait part \u00e0 plusieurs reprises de leur ressenti sur cette p\u00e9riode de \u00ab restriction et confinement \u00bb. L\u2019EHPAD a constitu\u00e9 des espaces de d\u00e9bats et de discussion par \u00e9tage. La pr\u00e9sidente du CVS, la pr\u00e9sidente de la Commission des Usagers (CDU), le m\u00e9decin coordonnateur, la cadre, ont \u00e9galement \u00e9t\u00e9 invit\u00e9s \u00e0 s\u2019exprimer sur cette p\u00e9riode anxiog\u00e8ne pour les r\u00e9sidents. L\u2019ensemble de ces informations ont \u00e9t\u00e9 pr\u00e9sent\u00e9 \u00e0 la cellule de crise.<\/p>\n\n\n\n<p>Malgr\u00e9 les circonstances sanitaires exceptionnelles et applications de mesures de lutte contre la propagation \u00e9pid\u00e9mique, les professionnels de l\u2019EHPAD portent une attention particuli\u00e8re au respect du droit \u00e0 la vie sociale. Dans ce contexte, un appel \u00e0 projet territorial de \u00ab Soutien interg\u00e9n\u00e9rationnel envers les r\u00e9sidents \u00bb a \u00e9t\u00e9 envoy\u00e9 aux \u00e9tablissements de l\u2019enseignement primaire, secondaire et sup\u00e9rieur du canton le 17 novembre 2020.&nbsp; L\u2019objectif est de structurer un lien temporaire avec un public jeune. L\u2019EHPAD propose de mettre en place des activit\u00e9s de pr\u00e9vention de la perte d\u2019autonomie afin de favoriser le sentiment d\u2019utilit\u00e9 des r\u00e9sidents.<\/p>\n\n\n\n<p>Depuis le 7 d\u00e9cembre 2020 les actions suivantes sont d\u00e9ploy\u00e9es dans l\u2019EHPAD&nbsp;:<\/p>\n\n\n\n<p><strong><u>Avec l\u2019\u00e9cole G. Tailhades<\/u><\/strong><strong>&nbsp;: <\/strong>\u00e9changes de dessins, de cartes de v\u0153ux, r\u00e9alisation d\u2019une exposition temporaire, \u2026<\/p>\n\n\n\n<p><strong><u>Avec le coll\u00e8ge&nbsp;du Jaur et A. Laissac :<\/u><\/strong><strong> <\/strong>r\u00e9cits de souvenirs de vie, corrections de copies par les r\u00e9sidents, correspondances, cr\u00e9ation d\u2019une chorale avec des r\u00e9p\u00e9titions en direct, \u2026<\/p>\n\n\n\n<p><strong><u>Avec le lyc\u00e9e Professionnel J. Brel<\/u><\/strong><strong>&nbsp;: <\/strong>co<strong>&#8211;<\/strong>participation \u00e0 une \u00e9preuve du dipl\u00f4me de Baccalaur\u00e9at Professionnel <em>Accompagnement, Soins et Services \u00e0 la Personne<\/em>. R\u00e9alisation d\u2019exercices de m\u00e9moire, tutoriels de construction d\u2019objet, e-visites de monuments, d\u00e9bats citoyens, \u2026<\/p>\n\n\n\n<p><strong><u>Avec l&rsquo;universit\u00e9 de Montpellier<\/u><\/strong><strong>&nbsp;: <\/strong>Projet dans le cadre de stage d\u2019\u00e9tudiants de Master STAPS. Mise en place d\u2019un programme de s\u00e9ances individuelles d\u2019activit\u00e9s physiques adapt\u00e9es.<\/p>\n\n\n\n<p>(cf. pdf)<\/p>\n\n\n\n<p><strong>Ces actions se feront exclusivement par l\u2019utilisation d\u2019outils num\u00e9riques \u00e0 distance ou par un \u00e9change \u00e9pistolaire.<\/strong><\/p>\n\n\n\n<figure class=\"wp-block-image size-large\"><img loading=\"lazy\" decoding=\"async\" width=\"883\" height=\"643\" src=\"https:\/\/www.hopital-stpons.com\/wp-content\/uploads\/2021\/02\/Capture.jpg\" alt=\"\" class=\"wp-image-983\" srcset=\"https:\/\/www.hopital-stpons.com\/wp-content\/uploads\/2021\/02\/Capture.jpg 883w, https:\/\/www.hopital-stpons.com\/wp-content\/uploads\/2021\/02\/Capture-300x218.jpg 300w, https:\/\/www.hopital-stpons.com\/wp-content\/uploads\/2021\/02\/Capture-768x559.jpg 768w\" sizes=\"auto, (max-width: 883px) 100vw, 883px\" \/><\/figure>\n\n\n\n<figure class=\"wp-block-image size-large\"><img loading=\"lazy\" decoding=\"async\" width=\"162\" height=\"62\" src=\"https:\/\/www.hopital-stpons.com\/wp-content\/uploads\/2021\/02\/logo-ars-occitnaie.png\" alt=\"\" class=\"wp-image-996\"\/><\/figure>\n\n\n\n<p class=\"has-vivid-green-cyan-color has-text-color\"><strong>&nbsp;&nbsp;&nbsp;&nbsp;&nbsp;<\/strong>Exemple d&rsquo;action avec le coll\u00e8ge :<img loading=\"lazy\" decoding=\"async\" width=\"10000\" height=\"5625\" class=\"wp-image-1017\" style=\"width: 10000px;\" src=\"https:\/\/www.hopital-stpons.com\/wp-content\/uploads\/2021\/05\/Les-mots-croises-des-sciences.jpg\" alt=\"\" srcset=\"https:\/\/www.hopital-stpons.com\/wp-content\/uploads\/2021\/05\/Les-mots-croises-des-sciences.jpg 1280w, https:\/\/www.hopital-stpons.com\/wp-content\/uploads\/2021\/05\/Les-mots-croises-des-sciences-300x169.jpg 300w, https:\/\/www.hopital-stpons.com\/wp-content\/uploads\/2021\/05\/Les-mots-croises-des-sciences-1024x576.jpg 1024w, https:\/\/www.hopital-stpons.com\/wp-content\/uploads\/2021\/05\/Les-mots-croises-des-sciences-768x432.jpg 768w\" sizes=\"auto, (max-width: 10000px) 100vw, 10000px\" \/><\/p>\n\n\n\n<p class=\"has-vivid-green-cyan-color has-text-color\">Exemple d&rsquo;action avec l&rsquo;\u00e9cole \u00e9l\u00e9mentaire :<\/p>\n\n\n\n<figure class=\"wp-block-image size-large\"><img loading=\"lazy\" decoding=\"async\" width=\"1024\" height=\"576\" src=\"https:\/\/www.hopital-stpons.com\/wp-content\/uploads\/2021\/06\/Presentation2-1024x576.jpg\" alt=\"\" class=\"wp-image-1022\" srcset=\"https:\/\/www.hopital-stpons.com\/wp-content\/uploads\/2021\/06\/Presentation2-1024x576.jpg 1024w, https:\/\/www.hopital-stpons.com\/wp-content\/uploads\/2021\/06\/Presentation2-300x169.jpg 300w, https:\/\/www.hopital-stpons.com\/wp-content\/uploads\/2021\/06\/Presentation2-768x432.jpg 768w, https:\/\/www.hopital-stpons.com\/wp-content\/uploads\/2021\/06\/Presentation2.jpg 1280w\" sizes=\"auto, (max-width: 1024px) 100vw, 1024px\" \/><\/figure>\n\n\n\n<p class=\"has-vivid-green-cyan-color has-text-color\">Le concours interg\u00e9n\u00e9rationnel de soupe (Octobre 2021 ) :<strong> <\/strong><\/p>\n\n\n\n<figure class=\"wp-block-image size-large\"><img loading=\"lazy\" decoding=\"async\" width=\"1024\" height=\"576\" src=\"https:\/\/www.hopital-stpons.com\/wp-content\/uploads\/2021\/12\/Presentation2-1024x576.jpg\" alt=\"\" class=\"wp-image-1104\" srcset=\"https:\/\/www.hopital-stpons.com\/wp-content\/uploads\/2021\/12\/Presentation2-1024x576.jpg 1024w, https:\/\/www.hopital-stpons.com\/wp-content\/uploads\/2021\/12\/Presentation2-300x169.jpg 300w, https:\/\/www.hopital-stpons.com\/wp-content\/uploads\/2021\/12\/Presentation2-768x432.jpg 768w, https:\/\/www.hopital-stpons.com\/wp-content\/uploads\/2021\/12\/Presentation2.jpg 1280w\" sizes=\"auto, (max-width: 1024px) 100vw, 1024px\" \/><\/figure>\n\n\n\n<figure class=\"wp-block-image size-large\"><img loading=\"lazy\" decoding=\"async\" width=\"1024\" height=\"576\" src=\"https:\/\/www.hopital-stpons.com\/wp-content\/uploads\/2021\/12\/Presentation3-1024x576.jpg\" alt=\"\" class=\"wp-image-1105\" srcset=\"https:\/\/www.hopital-stpons.com\/wp-content\/uploads\/2021\/12\/Presentation3-1024x576.jpg 1024w, https:\/\/www.hopital-stpons.com\/wp-content\/uploads\/2021\/12\/Presentation3-300x169.jpg 300w, https:\/\/www.hopital-stpons.com\/wp-content\/uploads\/2021\/12\/Presentation3-768x432.jpg 768w, https:\/\/www.hopital-stpons.com\/wp-content\/uploads\/2021\/12\/Presentation3.jpg 1280w\" sizes=\"auto, (max-width: 1024px) 100vw, 1024px\" \/><\/figure>\n\n\n\n<p>Pour en savoir plus :<\/p>\n\n\n\n<p><a href=\"https:\/\/solidarites-sante.gouv.fr\/systeme-de-sante-et-medico-social\/parcours-de-sante-vos-droits\/les-laureats-du-concours\/les-laureats-du-concours-2021-11229\/\">https:\/\/solidarites-sante.gouv.fr\/systeme-de-sante-et-medico-social\/parcours-de-sante-vos-droits\/les-laureats-du-concours\/les-laureats-du-concours-2021-11229\/<\/a><\/p>\n\n\n\n<p><a href=\"https:\/\/www.midilibre.fr\/2022\/03\/03\/hopital-le-projet-intergenerationnel-recompense-10145041.php\">https:\/\/www.midilibre.fr\/2022\/03\/03\/hopital-le-projet-intergenerationnel-recompense-10145041.php<\/a><\/p>\n\n\n\n<p><a href=\"https:\/\/www.midilibre.fr\/2021\/10\/17\/hopital-un-concours-de-soupes-allechant-9858080.php\">https:\/\/www.midilibre.fr\/2021\/10\/17\/hopital-un-concours-de-soupes-allechant-9858080.php<\/a><\/p>\n\n\n\n<p><a href=\"https:\/\/www.midilibre.fr\/2021\/10\/26\/lhopital-decroche-deux-prix-a-loccasion-du-concours-de-soupes-9890750.php\">https:\/\/www.midilibre.fr\/2021\/10\/26\/lhopital-decroche-deux-prix-a-loccasion-du-concours-de-soupes-9890750.php<\/a><\/p>\n\n\n\n<p><a href=\"https:\/\/www.midilibre.fr\/2021\/06\/11\/quand-des-ados-veillaient-sur-des-aines-confines-a-lehpad-9599213.php\">https:\/\/www.midilibre.fr\/2021\/06\/11\/quand-des-ados-veillaient-sur-des-aines-confines-a-lehpad-9599213.php<\/a><\/p>\n","protected":false},"excerpt":{"rendered":"<p>Projet Laur\u00e9at du concours national du Minist\u00e8re des Solidarit\u00e9s et de la Sant\u00e9 \u00ab&nbsp;Droits des usagers de la sant\u00e9 \u00bb &hellip; <\/p>\n","protected":false},"author":8,"featured_media":0,"parent":0,"menu_order":0,"comment_status":"closed","ping_status":"closed","template":"","meta":{"footnotes":""},"class_list":["post-978","page","type-page","status-publish","hentry"],"featured_image_src":null,"featured_image_src_square":null,"_links":{"self":[{"href":"https:\/\/www.hopital-stpons.com\/index.php\/wp-json\/wp\/v2\/pages\/978","targetHints":{"allow":["GET"]}}],"collection":[{"href":"https:\/\/www.hopital-stpons.com\/index.php\/wp-json\/wp\/v2\/pages"}],"about":[{"href":"https:\/\/www.hopital-stpons.com\/index.php\/wp-json\/wp\/v2\/types\/page"}],"author":[{"embeddable":true,"href":"https:\/\/www.hopital-stpons.com\/index.php\/wp-json\/wp\/v2\/users\/8"}],"replies":[{"embeddable":true,"href":"https:\/\/www.hopital-stpons.com\/index.php\/wp-json\/wp\/v2\/comments?post=978"}],"version-history":[{"count":15,"href":"https:\/\/www.hopital-stpons.com\/index.php\/wp-json\/wp\/v2\/pages\/978\/revisions"}],"predecessor-version":[{"id":1120,"href":"https:\/\/www.hopital-stpons.com\/index.php\/wp-json\/wp\/v2\/pages\/978\/revisions\/1120"}],"wp:attachment":[{"href":"https:\/\/www.hopital-stpons.com\/index.php\/wp-json\/wp\/v2\/media?parent=978"}],"curies":[{"name":"wp","href":"https:\/\/api.w.org\/{rel}","templated":true}]}}